be the first derivative of l**4/4 + 8*l**3/3 + 4*l**2 + 2*l - 1. Suppose f = 70 - 82. Let m be (f/3 - -3)*(2 + 5). Give x(m).
-5
Let n(a) = a**2 + 2*a - 1. Let o = -4 + -2. Let g be 16/3 + 2/o. Suppose 0 = -3*u + 4*m - 14, -g = -m - 0*m. Give n(u).
7
Let a(w) = 2*w**3 - 2*w**2 + w + 1. Suppose -3*x = -8*i + 6*i - 9, -3*x + 3*i + 9 = 0. What is a(x)?
40
Let j(h) = 13*h**3 - h**2. Suppose -4*a - k - 3 = 6, -k = 5. What is j(a)?
-14
Let d(x) = -2*x + 10. Let t(i) = -i**2 - 8*i + 14. Let a be t(-6). Suppose -3*w + a = -1. Determine d(w).
-8
Let i = 76 + -70. Let n(k) = 1. Let u(j) = -j**3 + 7*j**2 - 3*j + 4. Let g(w) = 4*n(w) - u(w). Determine g(i).
-18
Let k(n) be the second derivative of 12*n - 2/3*n**3 + 0 + 1/12*n**4 + n**2. Give k(4).
2
Let f(t) = t**3 - t**2 + 4*t - 6. Let w be f(5). Let d be (-2)/9 + w/27. Suppose d = 2*q - 4. Let b(s) = s**2 - 2*s - 4. Calculate b(q).
4
Let o(g) = 4*g. Let s = -707 + 709. Give o(s).
8
Let h(f) = -f - 4. Suppose 0 = -23*i + 11*i - 168. Give h(i).
10
Let s(t) = -t**2 + 13*t - 2. Suppose 5*c - 2*q + 60 - 130 = 0, 4*c - 5*q = 73. Calculate s(c).
10
Let j(n) = -11*n - 13. Let x(o) = -4*o - 4. Let d(f) = 3*j(f) - 8*x(f). Suppose 0 = -75*p + 59 - 151 - 133. Calculate d(p).
-4
Let v be (1/(-2))/((-2)/(-16)). Let j(u) be the first derivative of u**3/3 + 3*u**2/2 + 2*u - 133. Give j(v).
6
Let u(d) = 2*d**3 + 24*d**2 - 3*d + 8. Let n(w) = 3*w**3 + 30*w**2 - 2*w + 7. Let h(x) = 3*n(x) - 4*u(x). Determine h(5).
-6
Let a(c) be the third derivative of c**6/360 + c**4/24 - c**3/6 - c**2. Let k(h) be the first derivative of a(h). Let s = 288 + -287. Give k(s).
2
Let b(t) be the first derivative of 3*t**2/2 + t + 1. Suppose -2*d + 5*d - 15 = 0. Suppose 6*w - d = 1. Give b(w).
4
Suppose 4*x = -2*t + 4*t - 24, 3*x + 3*t + 27 = 0. Let l(b) = -2*b**2 - 8*b + 4. Calculate l(x).
-38
Let l(h) = 4*h + 3. Suppose 3*n - 5 = -2*p, 25 = n + 4*n. Let b(g) = 5*g + 3. Let r(i) = p*b(i) + 6*l(i). Determine r(4).
-1
Suppose 0 = -0*v + v, -v = -3*f. Let o(w) = -w**3 + w**2 + 6*w + 2. Let q be o(0). Let l(h) = -q*h + f - 6 + 4 + 0. Determine l(-2).
2
Let i(d) = d**2 - 5*d + 8. Let j(u) = 216*u**2 - 214*u**2 - 8 + 19 - 6*u. Let m be j(2). What is i(m)?
22
Let t(c) = -c**2 - 9*c. Let g = -365 + 356. Calculate t(g).
0
Let f = 15 - -13. Suppose f = -t + 37. Let j(q) = q - 9. Give j(t).
0
Suppose -z - 10 = 4*t + z, -4*z = -t + 2. Let y be t/(-6) + (-132)/18. Let s(b) be the third derivative of -b**5/60 - b**4/4 + b**3/3 + b**2. Give s(y).
-5
Let s(c) = 16 - 67 + 109*c - 16*c. Let y(p) = -7*p + 4. Let k(o) = -2*s(o) - 27*y(o). Suppose 27 - 11 = 4*f. Determine k(f).
6
Let w(m) = -m**3 + 5*m + 5. Let y(z) = 3*z**3 - 21*z - 21. Let j(t) = 21*w(t) + 5*y(t). Let a be 3 + 3/6*-8 - 0. Determine j(a).
6
Let c(t) = -t**3 - 2*t**2 - 3*t. Suppose 1 = s - 3. Suppose s*h = 2*h - 4*a + 6, -2*h - 2*a = -6. Suppose r + 8 = -h*r. Give c(r).
6
Suppose 4*l - 4*w = 8, 2*l + 2*w = -2*l + 2. Let y be (5 - 4)/(l/3). Let k(a) be the second derivative of -a**3/3 - 2*a. Give k(y).
-6
Let a(s) be the third derivative of 12*s**2 + 1/120*s**6 + 1/3*s**4 + 0*s + 3/20*s**5 + 0 + 2/3*s**3. What is a(-8)?
4
Let c = 31 - 30. Let b(k) = c + 4*k - 3*k - 2 + 3. Determine b(-6).
-4
Let k(w) = -2*w + 14. Let f(p) = 3. Let u(z) = -1. Let c(v) = f(v) + 2*u(v). Let g(n) = -28*c(n) + 2*k(n). Determine g(1).
-4
Let j(i) = -i + 1. Let x(u) = -22*u**2 + 8*u**2 + 4*u**2 + u**3 + 5. Let f be x(10). Let v(r) = -r**3 + 6*r**2 - 4*r - 11. Let b be v(f). What is j(b)?
7
Let y be 4 + ((-16)/12 - 2/3). Let t(r) = -2*r**y - 10 - r - 16 + 26. Determine t(2).
-10
Let f(t) = -12*t + 70. Let x = -535 - -541. Calculate f(x).
-2
Let o(s) = -s - 17. Suppose 5*f - 10 + 0 = 0, 3*d = -5*f - 35. Let p be o(d). Let t be -2 + -1*(0 + p). Let v(r) = r + 6. Calculate v(t).
6
Let t(y) = -169402*y**2 + 3*y + 169400*y**2 - 2 + 0*y. Determine t(-3).
-29
Suppose 4*h + o - 5*o + 20 = 0, h + 3*o + 21 = 0. Let p(i) = i**2 + 5*i - 6. Let z be p(h). Suppose 0*d - z = 5*d. Let j(s) = -s**2 - 6*s + 4. Determine j(d).
4
Let o = -108 + 112. Let d(w) = -w**3 + 4*w**2 + w - 2. Determine d(o).
2
Let a(z) = -2*z + 2. Let y(h) = 2*h - 2. Let m(b) = -5*a(b) - 6*y(b). Suppose -l - p = 4, 3*l + 105*p - 108*p = -12. Calculate m(l).
10
Let l(m) = -2*m - 2. Let r be l(-2). Let b be (-12)/114 + (-401)/(-19). Let c(f) = -4 - 18*f + 5 + b*f. Give c(r).
7
Let n(k) = k + 1. Let q = 1406 - 1412. Determine n(q).
-5
Let y(t) be the first derivative of t**2 - 10*t - 6. Suppose 284*p = 278*p + 48. What is y(p)?
6
Let n = 1716 + -1724. Let z(p) = p**2 + 4*p + 2. What is z(n)?
34
Let n(z) = 38 + 6*z + 0*z + 11 - 9*z. Let k be n(15). Let m(i) = -i**2 + 2*i. Determine m(k).
-8
Let x be 4/(-26) + (-4)/(-26). Let o = 0 - x. Suppose -2*l + 4 = o, -5*c + 0*l - 30 = -5*l. Let s(t) = -t**3 - 5*t**2 - 5*t - 5. What is s(c)?
-1
Let y(o) = o**3 + 4*o**2 - 6*o - 4. Suppose h = 2*h - 4. Suppose -2*i - 3*n + 2*n = 1, 4*i - 3*n = -7. Let r = i - h. What is y(r)?
1
Suppose 23 = 5*b + 2*x - 1, -18 = -5*b + x. Let u(w) = w + b*w**2 - 2 - 8*w**3 + 0*w + 17*w**3 - 10*w**3. Determine u(3).
10
Let q(d) = -d**3 + 7*d**2 + 7*d + 5. Let p be q(8). Let z(r) = r - 1. Let m(g) = -g**2 - 2*g - 7. Let a(h) = p*z(h) + m(h). What is a(-4)?
0
Let v be 49 + 1 + 4 + 3. Let d(x) = 18 + 5*x + x**2 + 17 - v + 19. Let u be (5 - 1)/((-4)/6). Give d(u).
3
Let v(r) be the first derivative of 9*r**2/2 - 30*r - 338. Give v(4).
6
Let y(v) = 3*v**3 + 10*v**2 - 3*v - 2. Let h(n) = 17*n**3 + 50*n**2 - 16*n - 10. Let i(x) = 2*h(x) - 11*y(x). Give i(10).
12
Let p = 57 - 51. Let q = -10 + 3. Let i(c) = 7*c**2 - 6*c - 1. Let n(b) = 8*b**2 - 7*b - 1. Let g(h) = p*n(h) + q*i(h). Calculate g(0).
1
Let i(m) = 11*m - 30. Let b be i(3). Let l(r) = -4*r**2 + 1 - 2*r + 5*r**2 - 3*r - r. What is l(b)?
-8
Let k(n) = 7*n - 7. Suppose 5*g + j = 28, 4*j = -3*g + 16 + 11. Give k(g).
28
Let u(g) = g**2 + g - 5. Suppose 11*z - 17*z + 186 = 0. Let y = 27 - z. Calculate u(y).
7
Let x(t) = -t**3 + 4*t**2 + 13*t - 38. Let s be x(5). Let q(o) be the first derivative of -o**4/4 + o**3/3 - o**2/2 - o + 1. What is q(s)?
-7
Let k(t) = 5*t**3 - 8*t**2 + 7*t - 14. Let m(i) = -14*i**3 + 23*i**2 - 20*i + 41. Let g(n) = 11*k(n) + 4*m(n). Determine g(4).
-2
Let m(a) be the second derivative of -4*a**2 + 0 - 1/2*a**3 + 4*a. Determine m(-6).
10
Let h(q) be the first derivative of 21*q**2 + 2*q**3 - 22*q**2 - 3*q**3 + 8 + q. Let d(j) = -j**3 + 6*j**2 + j - 8. Let w be d(6). Determine h(w).
-7
Let k(c) = 50*c - 48*c + 2 - 1. Let n(w) = w. Let i(l) = -2*k(l) + 10*n(l). Determine i(4).
22
Let z(h) = h**2 + 12*h + 15. Let u be z(-12). Let l = 17 - u. Suppose l*t = 3*t - 2. Let w(o) = -6*o - 2. What is w(t)?
-14
Let w(t) = 4*t**2 + 21*t - 18. Let a be w(-6). Let l be (-1)/((-3)/(-6)) + 4. Let o(q) = l + q - 5 + q**2 - 3. Calculate o(a).
-6
Let l be 6/4*(-1 + 1 + 2). Let d(o) = -4*o + 53 + l*o - 55. What is d(2)?
-4
Let f(v) be the first derivative of -v**3/3 - 3*v**2/2 + 2*v - 6. Let y(x) = x**2 - 2*x - 13. Let t be y(-3). Determine f(t).
-8
Let a(m) = -m**3 + m**2 - 12. Suppose 2*q = -3*i + 6, 17 = 4*q - i + 19. Determine a(q).
-12
Suppose -p + 2*p + 1 = -3*d, 5*p + 2*d - 34 = 0. Suppose 0 = m + m - p. Let t(b) = -5*b. Give t(m).
-20
Let u be 0/(-2) + 1 - 1. Let l(a) = 2. Let f(n) = n + 12. Let z(k) = f(k) - 4*l(k). What is z(u)?
4
Let v(u) = 4*u**3 - u**2 + 11*u - 7. Let y(n) = -3*n**3 + 3*n**2 - 9*n + 8. Let j(i) = -4*v(i) - 5*y(i). What is j(-11)?
-23
Let k(g) = 2*g + 9. Let c(a) = -1. Let w(x) = -2*c(x) - k(x). Suppose 0 = 54*r - 94*r - 240. Give w(r).
5
Let p(f) = 4*f - 4. Suppose -5*k + 3*g = -31, 53*k - 51*k - 2*g = 14. Calculate p(k).
16
Let x(n) be the second derivative of n**6/720 - n**5/30 - n**4/6 - 44*n. Let t(w) be the third derivative of x(w). What is t(-4)?
-8
Let m = 30 - 26. Suppose 4*a = 4*z - 8, m*a - 8 = -4*z + 8. Let q(b) = 3*b + 2. Calculate q(z).
11
Let t(l) = -3 - 8 - 2*l + 15 - 5 - 5. Determine t(8).
-22
Let i = -28 + 28. Suppose i*o = 2*o. Let u(g) = g**3 - g**2 - g - 6. Give u(o).
-6
Let x(y) = -9*y**2 - 13*y - 6. Let u(a) = 20*a**2 + 25*a + 12. Let l(p) = 4*u(p) + 9*x(p). Give l(-9).
66
Let l(b) = -b**2 + 5*b. Let g be 8 - -4*(-4)/8. Determine l(g).
-6
Let q(v) = -6*v**2 + 11 - 2*v**3 + 1 + 0*v**3 + 3*v**3 -